 f = p - -52. What is the highest common divisor of f and 32?
8
Let k be (18 + -19)/((-231)/55 - 2*-2). What is the greatest common factor of 4205 and k?
5
Let t(g) = -36*g**2 + 5*g - 6. Let y be t(-3). Let u = 471 + y. Suppose 44 = 2*r + 4*k, -2*r - k = -4*k - 30. What is the greatest common factor of r and u?
18
Suppose -2*d - 190 = -4*u, -10*u = -9*u - 2*d - 46. Let z be 1 + 1/(-3) - (-1712)/24. Calculate the greatest common divisor of z and u.
24
Let b be ((-3)/(-4))/((-14)/(-224)). Let p(k) = -29*k - 754*k**2 - 5 + 752*k**2 + 32. Let n be p(-15). What is the greatest common factor of b and n?
12
Suppose 5*o = -5*r + 1400, -6*o + 9*o + 828 = 3*r. Let j = r - 269. Calculate the greatest common factor of 6 and j.
3
Let q(p) = -5*p - 61. Let n be q(-12). Let a(z) = -2 - 2*z**3 + 2*z**3 - 18*z**3 - 2*z. Let s be a(n). Calculate the highest common factor of 6 and s.
6
Let d = -3815 + 4133. What is the highest common divisor of d and 4876?
106
Suppose -2226*y + 31262 = -2215*y. What is the greatest common factor of y and 98?
98
Let c(y) = 11*y**2 - y + 1. Let l be c(-2). Suppose 4*v + l = s - 156, 0 = 3*s - 3*v - 618. Calculate the highest common factor of s and 69.
69
Let a be (-11 - (3 + 1)) + (-9)/(-3). Let s be (a/(-6))/((-2)/(-4)). Suppose 2*f = -2, 4*f - 24 = -s*i + 12. Calculate the highest common factor of 2 and i.
2
Let y(n) = 3*n**3 + 41*n**2 - 20*n - 78. Let d be y(-14). Calculate the highest common factor of 232 and d.
2
Let f be (1 + 11/5 + 0)*-5. Let b = f + 104. Suppose 3*n + b = 5*n. Calculate the greatest common factor of 4 and n.
4
Let r(z) = -3*z**3 - 4*z**2 - 6*z + 22. Let h be r(-3). What is the highest common factor of h and 2635?
85
Let l(o) = -o**2 - 13*o - 20. Let c be l(-11). Suppose 4*k = -4*z + 60, -5*z + c*z = -15. What is the greatest common factor of 20 and k?
10
Let k(h) = h**3 - 4*h**2 + 14*h - 7. Let t be k(3). Let j = 81 + -55. What is the greatest common factor of t and j?
26
Suppose -3*w - 183 = -5*n, -25*w + 24*w = n - 35. Calculate the highest common divisor of n and 801.
9
Suppose 4*w + 4*m = 2*m + 702, -w = -5*m - 170. Let i = -128 + w. Let c be 2 + 1/1 + 326. Calculate the highest common divisor of c and i.
47
Let f(r) = r**3 - 15*r**2 - 18*r - 29. Let k be f(14). Let q = -461 - k. What is the highest common divisor of 112 and q?
16
Suppose p = -4*u + 12 + 5, 4*u + 5*p - 21 = 0. Let i be (-78)/u*4/(-6). Suppose 63*v - 60*v = 78. What is the highest common divisor of v and i?
13
Suppose -2*h + 5*c + 525 = 3*h, -c = -5*h + 525. Let a = h - 101. Calculate the greatest common divisor of a and 156.
4
Let c(m) = -6*m + 44. Let o be -30 + -4 + 3 + 0. Let q be c(o). What is the greatest common factor of 23 and q?
23
Let m be (-6966)/(-9) + (-16 - 11). Calculate the greatest common factor of 3071 and m.
83
Let m = -168 + 175. Let p(h) = -2*h**2 + 17*h - 9. Let u be p(m). What is the highest common divisor of 16 and u?
4
Suppose 3*y = 2*i - 6*i + 26, -5*y + 2*i = 0. Suppose -y = -v - 5*b, -26 = -v + 4*b - 3*b. What is the greatest common divisor of v and 33?
11
Suppose 3*q = -2*g + 448, -3*g = 2*q - 0*q - 292. Let d = -5864 - -5902. Calculate the highest common factor of d and q.
38
Let f be ((-5)/20)/((-7)/3416). Let o = f + 114. Calculate the greatest common factor of o and 4.
4
Suppose -4*j + 4*v = 0, -v = -5*v + 20. Let h(c) = 5*c + 0*c**2 + 0*c**2 - 21*c + j - c**2. Let m be h(-15). Calculate the highest common divisor of m and 50.
10
Suppose 537 = -13*p + 10768. Let c = 1138 - p. What is the highest common factor of c and 13?
13
Let t = -21514 + 21522. Suppose -6*v + 10 = -v, 3*v = -u + 9. What is the highest common divisor of u and t?
1
Let y(b) = -9*b - 1. Let k be 66/(-14) - 4/14. Let i be y(k). Let l(m) = -9755*m + 204888. Let o be l(21). Calculate the greatest common factor of o and i.
11
Let g = 568 + -424. Calculate the highest common divisor of g and 168.
24
Let l be (-6)/8 - 6006/24. Let b = 268 + l. What is the highest common divisor of 153 and b?
17
Let z = -13068 - -13275. Let n be 27/3 + -3 - -3. Calculate the greatest common divisor of n and z.
9
Let s be (52/(-10))/((-1)/10). Let v be (10 - 155/15)/((-2)/2244). Suppose -4*h - 654 = -9*h + r, 4*r = -3*h + v. What is the greatest common factor of h and s?
26
Suppose -3*r - r = -4. Let b be 122 + r - 16/4. Calculate the greatest common divisor of b and 34.
17
Suppose -33*f = -31*f - 120. Let x = f + -49. Let a = 12 - x. Calculate the greatest common divisor of a and 9.
1
Let x be 355 - 347 - 3/(6/(-784)). Let i = 73 + -23. What is the greatest common divisor of i and x?
50
Let v be (2 - 4)/(-1) + 12. Suppose 0*j = j - v. Let q(o) = 62*o + 1428. Let c be q(-23). Calculate the greatest common divisor of j and c.
2
Suppose -8*q - 315*q - 34034 = -152898. What is the greatest common factor of q and 3404?
92
Let j be 3*-6*40/(-18). Suppose -4*h + 64 = 3*x, 0 = -2*x - 114*h + 110*h + 32. Calculate the highest common divisor of j and x.
8
Let t be (((-2)/(-6))/1)/((-3)/54). Let m be -7*(-2 + t/((-126)/(-15))). What is the greatest common divisor of m and 608?
19
Suppose 10*t + 87 = 39*t. Suppose 0 = -f + 5*f + 2*s - 728, 0 = -t*f + 2*s + 560. Calculate the highest common divisor of f and 46.
46
Suppose 2*z - 420 = -x, 0*z + 2*z + 840 = 2*x. Calculate the highest common divisor of 220 and x.
20
Let t = -5 + 157. Let m = -8 + 46. What is the highest common divisor of t and m?
38
Let n be 52/(-182)*7/3*-60. Suppose 0 = -5*l + 2*i - 5, 2*i = -l + 6*i - 1. Let t = 9 + l. What is the greatest common divisor of t and n?
8
Let y = -1718 + 5421. Let g be y/14 + (1 - (-2)/4). Calculate the highest common factor of 38 and g.
38
Let f be (0 - 3)/((-1)/3). Let y(n) be the second derivative of n**4/6 + 13*n**3/6 + n**2 + 3*n. Let s be y(-10). What is the highest common factor of s and f?
9
Let p be 18/81*387 - 0. Let h(y) = -y**3 + 9*y**2 + 23*y - 1. Let c be h(10). What is the greatest common divisor of c and p?
43
Let y(c) = -6*c + 4*c - 3 - 5 + c**2 + 11*c. Let a be y(-9). Let w be (12/a + 19/6)*72. What is the highest common factor of 48 and w?
24
Suppose 0 = 198*g - 387*g + 55755. Calculate the highest common divisor of g and 125.
5
Let x(q) = -78*q + 93. Let i be x(-7). What is the highest common divisor of i and 994?
71
Let h(b) be the third derivative of 11*b**6/30 - b**4/12 + b**3/3 - b**2 - 63*b. Let f be h(1). Calculate the highest common divisor of f and 44.
44
Suppose 21*f - 30*f = -198 - 315. What is the greatest common divisor of 2432 and f?
19
Let f be (184/56 - -1)*(-210)/(-2). What is the greatest common divisor of f and 1260?
90
Let r be 16419/169 - (48/(-26) + 2). What is the greatest common factor of 3589 and r?
97
Let v be -6*(-360)/27 + 1. Suppose v*r + 1610 = 88*r. What is the greatest common divisor of 46 and r?
46
Let y be (9/((-108)/16))/((-3)/405). Let v be (-38)/(-6) - (-120)/y. What is the greatest common factor of 749 and v?
7
Let z = 61 - 101. Let f = z - -51. Suppose 6*p - f*p = -240. Calculate the highest common factor of 12 and p.
12
Let d(b) = -30*b**3 - 4*b**2 - 5*b - 1. Let n be d(-1). Suppose -4*p - 3*a + 153 = -p, 4*p - 203 = -3*a. Calculate the greatest common factor of n and p.
10
Suppose 5*v + 181 = -59. Let s = v - -153. Let b = 28 + 14. Calculate the highest common divisor of b and s.
21
Suppose -3*x - 4*o = -361, -372*x - 244 = -374*x - o. What is the greatest common factor of 8979 and x?
123
Let p be 0/(-1) - 2/((-10)/15). Suppose -2*d = -7*d - v + 354, -p*d = -2*v - 215. Let m = -56 + d. What is the greatest common divisor of 150 and m?
15
Let b be (16/(-24))/((-2206)/2202 + 1). Let o = 1758 - b. What is the greatest common divisor of o and 13?
13
Suppose -u = 5, 2*i - 3*u - u = 10. Let q be 201 + (1 - 1) + i - 4. What is the greatest common divisor of q and 128?
64
Suppose 0 = 5*p + 30, 3*j = -p + 1501 + 1643. Calculate the highest common factor of 120 and j.
30
Let v be 14536/12 + -2 + (-35)/(-21). Suppose 1214*s - 102 = v*s. Calculate the greatest common factor of s and 4.
2
Suppose 5*m - 163 = -0*r - 4*r, -3*r + 68 = 2*m. Suppose -m*w + 18 = -37*w. Let c be -3 - (79 + -4)/w. Calculate the highest common divisor of 22 and c.
22
Let t be ((-3)/(-1) - (-23 - -20)) + 265 + 5. Calculate the greatest common divisor o